77
List the prime factors of 139467622.
2, 7, 59, 24121
List the prime factors of 1257776934.
2, 3, 19, 61, 180871
What are the prime factors of 45849051?
3, 17, 23, 43, 101
List the prime factors of 179526863.
193, 930191
What are the prime factors of 1756130163?
3, 41, 263, 54287
List the prime factors of 532049851.
532049851
List the prime factors of 343688637.
3, 43, 2664253
What are the prime factors of 3067301846?
2, 7, 463, 473203
List the prime factors of 6965627.
6965627
What are the prime factors of 26933910?
2, 3, 5, 43, 20879
List the prime factors of 71214744.
2, 3, 131, 22651
What are the prime factors of 2286576428?
2, 43, 313, 42473
List the prime factors of 142814151.
3, 5289413
What are the prime factors of 8890961817?
3, 859, 3450121
What are the prime factors of 4609418641?
17, 2113, 128321
What are the prime factors of 1811710142?
2, 11, 43, 229, 8363
What are the prime factors of 89870794?
2, 13, 3456569
List the prime factors of 1991808416.
2, 13, 971, 4931
What are the prime factors of 55754663?
467, 119389
What are the prime factors of 249773358?
2, 3, 307, 135599
List the prime factors of 405343851.
3, 11, 197, 62351
List the prime factors of 2025778846.
2, 7, 13, 97, 114749
What are the prime factors of 220924044?
2, 3, 11, 17, 10939
What are the prime factors of 2426609461?
17, 142741733
What are the prime factors of 5835550401?
3, 648394489
List the prime factors of 2513747413.
487, 5161699
List the prime factors of 1630416838.
2, 815208419
What are the prime factors of 85703026?
2, 37, 619, 1871
What are the prime factors of 292947422?
2, 146473711
What are the prime factors of 434588481?
3, 163, 296243
List the prime factors of 143959436.
2, 181, 198839
List the prime factors of 817773627.
3, 11, 17, 1013, 1439
What are the prime factors of 92621867?
13, 7124759
What are the prime factors of 2119678519?
7, 3331, 90907
List the prime factors of 35170771.
31, 1134541
List the prime factors of 3250211.
3250211
List the prime factors of 63366865.
5, 12673373
What are the prime factors of 2136762766?
2, 139, 421, 18257
List the prime factors of 655559184.
2, 3, 7, 977, 1997
What are the prime factors of 31928150?
2, 5, 113, 5651
List the prime factors of 225246412.
2, 56311603
List the prime factors of 9619475.
5, 384779
List the prime factors of 163646249.
13, 968321
What are the prime factors of 720148570?
2, 5, 47, 1532231
List the prime factors of 1479640609.
17239, 85831
What are the prime factors of 451462386?
2, 3, 75243731
List the prime factors of 786628990.
2, 5, 7, 271, 41467
What are the prime factors of 4933962651?
3, 283, 1811, 3209
List the prime factors of 653401800.
2, 3, 5, 17, 131, 163
List the prime factors of 13413554.
2, 7, 11, 23, 541
What are the prime factors of 2063414077?
173, 11927249
List the prime factors of 140497565.
5, 13, 101, 21401
List the prime factors of 153889757.
7, 23, 829, 1153
What are the prime factors of 140330741?
41, 997, 3433
What are the prime factors of 711087518?
2, 41, 251, 34549
List the prime factors of 1574702267.
1574702267
List the prime factors of 849648091.
849648091
What are the prime factors of 3472019804?
2, 11, 3761, 20981
What are the prime factors of 97944911?
79, 107, 11587
What are the prime factors of 2355698139?
3, 47, 16707079
List the prime factors of 2618879597.
17, 29, 31, 349, 491
What are the prime factors of 18797106?
2, 3, 41, 43, 1777
List the prime factors of 81301720.
2, 5, 2032543
What are the prime factors of 83779673?
83779673
What are the prime factors of 508086329?
508086329
What are the prime factors of 7492137?
3, 19, 131441
What are the prime factors of 303103002?
2, 3, 3581, 14107
List the prime factors of 251607391.
7, 2161, 16633
List the prime factors of 5930307858.
2, 3, 199, 787, 6311
List the prime factors of 30219595.
5, 7, 19, 29, 1567
List the prime factors of 984530176.
2, 7, 549403
List the prime factors of 823589939.
17, 109, 444463
List the prime factors of 3565926242.
2, 157, 797, 14249
What are the prime factors of 1416781160?
2, 5, 47, 53, 59, 241
What are the prime factors of 506689050?
2, 3, 5, 7, 59, 8179
List the prime factors of 152495851.
31, 41, 119981
List the prime factors of 1444959453.
3, 7, 67, 1026979
List the prime factors of 432575326.
2, 216287663
List the prime factors of 70402665.
3, 5, 181, 25931
List the prime factors of 119778139.
13, 37, 227, 1097
What are the prime factors of 815438062?
2, 47, 547, 15859
List the prime factors of 2260771573.
2260771573
List the prime factors of 53759569.
19, 41, 69011
List the prime factors of 914194860.
2, 3, 5, 113, 134837
List the prime factors of 107439274.
2, 47, 1142971
What are the prime factors of 5459451927?
3, 17, 29, 3691313
List the prime factors of 19548378.
2, 3, 19, 29, 73
List the prime factors of 995092774.
2, 13, 38272799
What are the prime factors of 84968030?
2, 5, 7, 1213829
What are the prime factors of 38714687?
11, 61, 57697
What are the prime factors of 18473015?
5, 11, 43, 73, 107
List the prime factors of 5573587991.
31, 179793161
What are the prime factors of 81435905?
5, 967, 16843
What are the prime factors of 78647219?
7, 17, 660901
What are the prime factors of 483465033?
3, 421, 127597
List the prime factors of 557223706.
2, 13, 21431681
List the prime factors of 5182259927.
13, 23, 17331973
What are the prime factors of 24515833?
19, 79, 16333
List the prime factors of 26337198.
2, 3, 4389533
List the prime factors of 112761884.
2, 17, 19, 87277
List the prime factors of 32405476.
2, 8101369
What are the prime factors of 70401261?
3, 7, 353, 9497
What are the prime factors of 34305090?
2, 3, 5, 769, 1487
What are the prime factors of 699404521?
699404521
What are the prime factors of 2076716802?
2, 3, 4073, 84979
List the prime factors of 260624661.
3, 11, 23, 343379
List the prime factors of 198383697.
3, 199, 257, 431
List the prime factors of 193716750.
2, 3, 5, 173, 1493
List the prime factors of 56833936.
2, 281, 12641
List the prime factors of 871570247.
871570247
List the prime factors of 50308331.
1433, 35107
List the prime factors of 66880264.
2, 11, 29, 73, 359
What are the prime factors of 72244167?
3, 31, 776819
What are the prime factors of 57984162?
2, 3, 19, 191, 2663
What are the prime factors of 336830551?
336830551
List the prime factors of 729845523.
3, 11, 29, 254213
What are the prime factors of 482404670?
2, 5, 11, 601, 7297
What are the prime factors of 1513874301?
3, 504624767
What are the prime factors of 11461946?
2, 557, 10289
What are the prime factors of 29398169?
2113, 13913
List the prime factors of 86621537.
109, 794693
List the prime factors of 6644308530.
2, 3, 5, 83, 127, 21011
What are the prime factors of 273648158?
2, 7, 23, 849839
What are the prime factors of 2102218980?
2, 3, 5, 17, 151, 13649
What are the prime factors of 145424309?
19, 89, 85999
List the prime factors of 223923934.
2, 13, 173, 49783
List the prime factors of 5982114.
2, 3, 997019
What are the prime factors of 44858857?
44858857
What are the prime factors of 15338987?
829, 18503
What are the prime factors of 3750482887?
10559, 355193
List the prime factors of 204002367.
3, 68000789
List the prime factors of 492029666.
2, 751, 327583
What are the prime factors of 14821556?
2, 53, 151, 463
What are the prime factors of 5090422036?
2, 7, 25971541
What are the prime factors of 38026471?
7, 181, 30013
What are the prime factors of 587564923?
11, 23, 467, 4973
What are the prime factors of 54213721?
54213721
What are the prime factors of 10744762?
2, 7, 421, 1823
What are the prime factors of 59952384?
2, 3, 26021
List the prime factors of 280377759.
3, 43, 373, 5827
List the prime factors of 20012904.
2, 3, 239, 1163
List the prime factors of 950073332.
2, 13, 18270641
What are the prime factors of 3694663603?
59, 2789, 22453
What are the prime factors of 110752801?
31, 509, 7019
List the prime factors of 65008386.
2, 3, 19, 63361
List the prime factors of 512834013.
3, 23, 67, 103, 359
What are the prime factors of 677728763?
677728763
List the prime factors of 3585563958.
2, 3, 37, 677, 23857
List the prime factors of 853062327.
3, 13, 229, 10613
List the prime factors of 590788358.
2, 59, 84859
List the prime facto